**2 - 1. Let k be h(2). What is the highest common factor of a and k?
5
Let n be 18 - (2/7 - 780/182). Let c = 100 + 54. What is the highest common divisor of c and n?
22
Let l be 4/2 + -2 - -34. Suppose -5*v + 2*i = -287 - 140, 3*v = -3*i + 252. Calculate the greatest common divisor of l and v.
17
Let a be (-18*11)/(-2) + 0. Calculate the greatest common factor of 11 and a.
11
Suppose 3*z - 7 = -1. Suppose -2*y + 2*o + 18 = -10, -24 = -z*y - 2*o. Let x be (78/8)/((-1)/(-4)). What is the greatest common factor of y and x?
13
Let y be (4 + 4)*(-2)/(-4). Let n be (3/6)/(-1)*0. Suppose n*w + 88 = 2*w. What is the highest common divisor of y and w?
4
Let j be (482/(-12) - 2/6)*-2. Let p be (-2)/(-1) + 0 + 7. What is the greatest common divisor of p and j?
9
Suppose 0 = 4*y + j - 44, 0*j - 16 = -2*y - 2*j. Let a(g) = -4*g - 33. Let c be a(-8). Let b = y + c. What is the greatest common factor of 99 and b?
11
Let a be 1 - (-849)/(1 + 2). Suppose -4*f + 4*i = -a, 2*i = -2*f + 6*i + 140. What is the highest common divisor of 18 and f?
18
Suppose 0 = 2*n + 5*n - 35. What is the greatest common factor of 25 and n?
5
Let g(x) = 2*x. Let h be g(1). Let s be h + -1 - (-22)/(-1). Let u = s + 30. What is the greatest common factor of 3 and u?
3
Let l be -1*2 - (-2 - -2). Let s be 34/6 - l/(-3). Suppose -11 = -4*y + 2*d - 5*d, 0 = -2*y + 4*d. What is the greatest common divisor of s and y?
1
Let y = 7 - -223. Calculate the highest common divisor of y and 92.
46
Let i be 105 - 1*(-1)/(-1). Calculate the highest common divisor of 13 and i.
13
Suppose -4*w + 9*w = 20. Calculate the greatest common divisor of w and 24.
4
Let c = -13 - -19. Suppose 2*p + 0*p - 4 = 4*n, 3*n - 10 = -5*p. Suppose n = c*m - 3*m - 3. Calculate the greatest common factor of 7 and m.
1
Let n = -186 + 365. Suppose 3*h - n + 44 = 0. Let s be (-1)/(-2) + 58/4. What is the highest common divisor of h and s?
15
Suppose 0 = 4*l - 4*t + 96, 4*t = 4*l + t + 93. Let u be (-1355)/(-35) + (-6)/l. What is the greatest common divisor of 26 and u?
13
Suppose 0 = 4*j + 5*w - 24, 3*w = -2*j + 3*j - 6. Let q be 747/12 - j/(-8). Suppose 0 = 3*b - 7*b + 36. What is the highest common factor of b and q?
9
Suppose -167 = -w + 1. Suppose 3*s + w = -s. Let j = 68 + s. What is the highest common divisor of 39 and j?
13
Let d(b) = 3*b**2 - b - 6. Let v be d(3). Calculate the greatest common divisor of 126 and v.
18
Suppose -x = -5 - 4. Suppose 0 = 5*n - 5. Calculate the greatest common factor of n and x.
1
Let h = -1 - -1. Suppose h = 4*n + 3 - 27. Let x be (-3)/n + (-22)/(-4). What is the highest common factor of x and 5?
5
Let d = 57 + -42. Calculate the highest common factor of 165 and d.
15
Suppose 3*l + 27 = -3. Let w = 28 + l. What is the greatest common factor of w and 12?
6
Suppose -k + 32 = 3*k. Let v = k + 1. Calculate the greatest common factor of 81 and v.
9
Let c(p) = -p**3 - 16*p**2 + 16*p - 5. Let t be c(-17). Calculate the greatest common divisor of t and 3.
3
Suppose -4 = -4*q, 5*x + 2*q = -3*q + 20. Let n(t) = 3*t - 6*t - x*t + 4*t - 12. Let y be n(-10). What is the greatest common divisor of y and 1?
1
Suppose -16*i + 11*i + 495 = 0. Suppose 2 = -2*d, -12 = -j - 0*j + d. Calculate the highest common factor of i and j.
11
Let v(j) = 7*j + 1. Let r be v(2). Let h be 9/r - (-14)/10. What is the highest common factor of 4 and h?
2
Let l be (1 - 3)*(-1)/2. Suppose -3*a + 2*a = -32. Suppose -3*g = -4*d - a - l, g - 5*d = 0. What is the greatest common divisor of g and 15?
15
Let z(n) = 5*n - 4. Let a(v) = -6*v + 5. Let h(b) = 3*a(b) + 2*z(b). Let w be h(-6). Calculate the greatest common factor of 22 and w.
11
Suppose 0 = 5*i - 2*n, -5*i - 3*n = 2*n. Suppose 0*c - c + 26 = i. What is the highest common divisor of c and 13?
13
Suppose 0*i - 3*p - 22 = -i, p - 44 = -2*i. Calculate the greatest common factor of i and 33.
11
Let t be 26/30 - 24/(-180). What is the highest common divisor of 1 and t?
1
Let c be 3 + 1 - (1 + 1). Suppose 14 = 3*s + c. Suppose 7*q - 5*l = 3*q + 33, 0 = 2*q - s*l - 12. Calculate the greatest common factor of q and 12.
12
Suppose 0 = -4*v + 422 - 6. Suppose 5*w = v - 4. Let i = 16 + 34. What is the greatest common factor of w and i?
10
Let v(l) = -l**2 - 3*l - 4. Let w be v(-4). Let u = w + 17. What is the highest common divisor of u and 81?
9
Suppose 20 = -4*j, 4*h + 2*j = 7*j + 53. Calculate the highest common factor of h and 28.
7
Let w = 8 - 1. Let z = 158 - 70. Let u = z - 39. Calculate the highest common factor of w and u.
7
Suppose g + g - 3*l = 210, 0 = -4*l - 8. Suppose -g = -4*h + 2*h. Let z = h - 27. What is the highest common factor of z and 16?
8
Let w = -14 - -27. What is the greatest common divisor of 91 and w?
13
Let p be 1 - -18 - (15 + -11). What is the greatest common divisor of 135 and p?
15
Let h(q) = 14*q + 10*q - 4*q + 4. Let u be h(4). Let n = 17 - 5. What is the greatest common divisor of u and n?
12
Let x = -12 - -9. Let a be 84/(-1 - x) + 3. Calculate the highest common factor of a and 5.
5
Let i = -46 - -78. Calculate the greatest common divisor of 224 and i.
32
Let v(b) = 2 + 0 + 3*b - 2*b. Let c be v(6). Suppose p = -3*j + 10, 3*p - 5*j - 8 = c. Calculate the highest common factor of 7 and p.
7
Let w = -6 - -4. Let b = w + 2. Suppose 4*c - 28 = -b*c. Calculate the greatest common divisor of 7 and c.
7
Let v be (0/1)/(0 + 1). Suppose 4*f + 12 - 4 = v. Let w be f/(-3) - 106/(-3). What is the highest common factor of 4 and w?
4
Let y(z) = -10 + 3*z - 4*z + 2*z. Let i be y(11). Calculate the greatest common factor of i and 8.
1
Let z be -5 + 7 - (2 - 2). Suppose 2*h + 148 = z*w, -2*h = h - 9. Calculate the greatest common divisor of 11 and w.
11
Let a = -15 + 3. Let h = 3 - a. Calculate the greatest common factor of 3 and h.
3
Let q be 2 + -2 + (6 - 2). Suppose q*j = -j + 55. Suppose -2*w - r - 3*r + 14 = 0, -3*w = -4*r - 41. Calculate the highest common divisor of j and w.
11
Let h(m) be the first derivative of 2*m**3/3 + 2*m**2 + 6*m + 1. Let y be h(-4). Suppose y = t + 4. Calculate the greatest common factor of t and 12.
6
Suppose 210 = 3*k + 7*k. What is the greatest common factor of k and 84?
21
Let m = -63 + 111. Calculate the greatest common divisor of m and 6.
6
Suppose 0 = -6*i - 11691 - 297. Let x be i/(-63) + 2/7. What is the greatest common factor of x and 8?
8
Suppose 0 = -u + 3*s + 111, -515 = -5*u - 3*s - 2*s. What is the highest common factor of u and 30?
15
Let u(l) be the first derivative of l**4/4 + l**3/3 + l**2/2 + 10*l - 1. Let y be u(0). Suppose 4 = -n + 2*n. What is the highest common divisor of y and n?
2
Suppose 9 = -2*w + 5*w. What is the greatest common divisor of w and 33?
3
Suppose -3*o = -288 + 93. Calculate the highest common factor of 26 and o.
13
Suppose 2*m = -2*y - 12, 4*m - m + 4 = -y. Suppose -4*j - 67 - 9 = -5*d, -3*d + 26 = -j. Let t = y - j. What is the greatest common factor of 35 and t?
7
Suppose -4*z = 4*l + 84, 5*z - 3*z + 84 = -4*l. Let j = 33 + l. Calculate the greatest common factor of 24 and j.
12
Let z(f) = 2*f. Let p be 1/(3/12*2). Let q be z(p). Let w be ((-8)/(-10))/((-3)/((-75)/2)). What is the highest common divisor of w and q?
2
Suppose 0 = -c + 3*c - 84. Suppose 0 = t - 0*t - 28. Calculate the highest common divisor of t and c.
14
Suppose -3*q + 4*q + 5*c - 46 = 0, 5*c = 2*q - 32. What is the greatest common divisor of q and 208?
26
Let t(n) be the second derivative of -n**4/12 - 7*n**3/6 + n**2/2 - 6*n. Let q be t(-6). What is the greatest common divisor of q and 7?
7
Let v(f) = 36*f + 6. Let o be v(1). Calculate the highest common divisor of 126 and o.
42
Let l(n) = n**2 + n. Let p be l(4). Let w = -18 + 26. Calculate the greatest common factor of p and w.
4
Let u(f) = 3*f - f**3 + 7 + 6*f**2 - 2*f + 0*f. Let z(p) = 2*p**2 + 2*p + 2. Let l be z(-2). Let x be u(l). What is the greatest common factor of 39 and x?
13
Let i(j) = -32*j + 1. Let c be i(-1). Let l(o) = -1 + 3*o + o**2 - 7*o + 0. Let g be l(6). Calculate the highest common factor of g and c.
11
Suppose -2*w - 3*f + 8 = 0, 0 + 4 = 2*f. Let d be (w + 3)*18/8. What is the highest common divisor of 9 and d?
9
Let z(y) = 15*y - 23. Let x be z(14). What is the greatest common factor of x and 17?
17
Let v be ((-54)/(-8))/(3/8). Let o = 